 2 - (1 - (-6 + 7)).
2
What is (16 - 7) + (3 - 13)?
-1
Calculate -8 + -1 - -2 - -4.
-3
What is 1 + -2 + -1 + 3 - -1?
2
Evaluate -185 - -191 - (1 - (1 + 0)).
6
Evaluate 1 + -2 + 7 + -2.
4
What is the value of (-1 - -3) + (2 - 2 - 3)?
-1
What is the value of -4 + 5 + 2 + (-9 - -5)?
-1
What is -4 + -1 + (6 + -11 - -8)?
-2
What is -11 - (-3 - -1 - (-24 - -23))?
-10
(-1 - -4) + -4 + -3
-4
-10 - -5 - (0 + 1)
-6
Calculate -6 + 2 - (4 + -5).
-3
What is (-7 + 0 - -4) + 2?
-1
What is -9 + (1 - 11) + 25?
6
Evaluate 8 + -9 + 2 + -5.
-4
Calculate 2 + -4 - (-21 + 17).
2
(3 - (2 + -10)) + -10
1
Calculate (8 - 10) + (-7 - (3 + -6)).
-6
Evaluate -2 + 6 + -19 + 18.
3
What is -1 + 0 - (-9 + 9) - 3?
-4
Calculate 0 + -4 + (1 + 4 - 5).
-4
Evaluate -1 - (3 + -6 + -1 + 4).
-1
What is -3 + 7 - 4 - 1?
-1
What is (79 - 83) + (8 - 1)?
3
What is the value of 0 - (2 + -4 + 4 + 1)?
-3
Evaluate (33 - 32) + (-2 + -1 - -3).
1
What is the value of 1 + 1 + (-8 - -3) - -4?
1
Evaluate 1 - (12 - 15 - -15).
-11
-62 - -61 - (1 - 7)
5
Calculate 16 + (-12 - -12) + -8.
8
Calculate (7 - -2) + 27 + -32.
4
What is (-9 - (6 + -10)) + 6?
1
Evaluate 4 - -4 - 22 - -19.
5
Evaluate 6 + 5 + -6 + (-11 - -1).
-5
What is the value of -7 - (-3 + 0) - -6?
2
What is -3 + (4 - (3 - -2))?
-4
What is (1 + -6 - 1) + (5 - 3)?
-4
Evaluate (21 - 10) + -10 + -10.
-9
Evaluate -3 + -4 + 5 + -3 - -1.
-4
What is the value of -7 + 9 + 6 - 2?
6
What is -6 + 10 + 7 + -6?
5
-2 + (-2 + -4 + 12 - 2)
2
Calculate 9 - (3 + (-3 - (1 - 5))).
5
What is (4 - 7) + 4 + 3?
4
What is the value of -10 + (-5 - -17 - 7)?
-5
What is the value of 0 + (3 + -2 - (-1 - 7))?
9
Calculate 6 - (6 + (-8 - -3)).
5
-8 + (10 + 7 + -5 - 7)
-3
Calculate -6 + 1 + -2 - -5.
-2
What is (-3 - -2) + 1 + -1?
-1
0 + 3 + 0 + -2
1
-6 + -9 + 10 + 2
-3
Calculate (4 - 5) + 2 - (2 + 2).
-3
-6 - 1 - (1 + (-3 - 2))
-3
Calculate (-3 - (-17 + 8)) + 0.
6
What is 3 + 2 + -3 + 3?
5
Evaluate -5 - 0 - (-6 - -4).
-3
Calculate (5 - (-2 + 9)) + 5.
3
Evaluate -10 + (-5 - -5) - -9.
-1
(-4 - -10) + 1 - (4 + 0)
3
(9 - 7) + 0 - 2 - 5
-5
What is the value of (7 - 8 - 1) + (3 - -2)?
3
What is the value of (3 + -3 - (-2 + 2)) + 5?
5
5 - (-1 - 3 - -8)
1
-1 + -3 + 5 + -4
-3
Calculate 9 - (-6 + 4 - -2 - -4).
5
Calculate 6 + -5 + -2 - -3.
2
Evaluate (-4 + 2 - 2) + (-6 - -4).
-6
What is the value of 6 - 6 - (1 + 1) - -1?
-1
Calculate 1 - (-7 - -9 - (-7 + -2)).
-10
Evaluate -10 - -1 - (8 + -8 - 1).
-8
Calculate (0 - 3) + (-3 - -2).
-4
Evaluate -5 + 6 - (-2 - (-7 + 6)).
2
What is the value of (2 - -1) + 13 + -20?
-4
(-7 + 3 - (-4 + 2)) + -5
-7
-11 + (-8 + -2 - -14)
-7
What is (-3 - -10) + (0 - 1 - 0)?
6
Evaluate 3 - (4 + -7) - 4.
2
What is the value of -7 + 9 - (4 - 1)?
-1
What is 1 + -3 - (-3 + 3 + 2)?
-4
What is the value of (-19 - -17) + 6 + -1?
3
What is -13 - (-1 + -2 + -4 - 0)?
-6
What is 0 + (-2 - -5) - (6 - 8)?
5
Calculate 1 + (-4 - (-10 - -1)) + -3.
3
Calculate -3 + 3 - (0 - 2).
2
What is the value of 0 + (3 - 0) + -3 + 0?
0
Evaluate 12 - 14 - (0 + -11 + 0).
9
Calculate (5 - 4) + (4 - (14 + -3)).
-6
What is the value of -6 + (-7 - -8) - -4?
-1
What is the value of -6 - (-17 + (1 - -5)) - 6?
-1
What is (-6 - -10) + -2 + -2?
0
3 - 0 - (-1 - -8)
-4
3 + -3 + 6 - (5 - 2)
3
Evaluate 4 + -7 - -2 - 8.
-9
(10 - 6) + -1 + (1 - 3)
1
-2 - -1 - 3 - (0 + 0)
-4
-1 - (0 - (2 - -1))
2
-1 + 1 - (-6 - -3)
3
What is the value of (-1 - 1) + 5 - (-15 + 19)?
-1
-1 + -2 + 0 + 3
0
What is 13 + -9 - (-1 + 2)?
3
What is (11 - (8 - 5)) + -6?
2
What is -6 + (3 - (-6 + -2)) + -4?
1
What is the value of -4 + (-3 - -5) + 2 + 5?
5
What is (-1 - (-1 + 1)) + -15 + 13?
-3
Calculate (8 + 6 - 12) + -9.
-7
What is 6 - (3 - -2) - -4?
5
What is the value of 8 + (-2 - (-3 - -7)) - 5?
-3
Calculate -3 - (-5 - 0 - 5) - 2.
5
Evaluate -1 + (-1 - -1) - -9.
8
What is the value of (2 - 1) + 4 + -9 + -2?
-6
-18 + (15 - 3) + (-1 - -12)
5
Calculate 1 + 4 + 0 + -4 + 4.
5
Evaluate 5 + (-6 + 16 + -6 - 3).
6
Calculate 7 + (14 - 4 - 8).
9
Calculate 5 + (-3 - (-7 - -5)).
4
Evaluate -16 - (2 - 2 - (19 - 13)).
-10
Evaluate -1 + -3 - (-5 + 0 + 2).
-1
Calculate 3 + 2 + (-1 - 1).
3
Calculate 1 - 4 - 1 - (-1 - 3).
0
What is the value of -1 - -6 - (-81 + 90)?
-4
What is the value of -23 + (-13 - -23) + (-2 - -9)?
-6
Calculate -3 - ((9 - 0) + -7) - -9.
4
What is -9 + 0 - (4 + -7)?
-6
What is the value of 5 - (5 + 4 + 5 + -12)?
3
Evaluate (6 - 13) + 4 + 5.
2
Calculate -1 - 4 - -3 - (-6 - -1).
3
Calculate -6 + -7 - (-1 + -3).
-9
-6 - -12 - 10 - (-1 - 3)
0
Evaluate -3 + (7 - (2 - -2)).
0
What is the value of -4 + 2 - (1 + -2 + 2)?
-3
Evaluate 0 - 1 - (1 - 10 - -11).
-3
Calculate 6 - (-15 + 18 - -13).
-10
What is the value of 2 + -3 + (-5 - -7) + 2?
3
What is the value of (-8 - 0) + (-101 - -109)?
0
Evaluate -2 - 5 - (8 - 10).
-5
Calculate -2 - (-7 - -18 - 5).
-8
Evaluate (-74 - -62) + -1 + (3 - -2).
-8
Evaluate 3 - (8 - 11) - 13.
-7
Evaluate -6 + 9 - (6 + -3).
0
Calculate (-15 - -12) + (-2 - (1 - 1)).
-5
Evaluate (-17 - -6 - -1) + 7.
-3
What is the value of -1 + 4 + 7 + -1?
9
2 + -3 + (-3 + -3 - -4)
-3
What is (-3 + -1 - 4) + -3 + 5?
-6
Evaluate 3 + (-3 + 7 - (8 - 1)).
0
Evaluate 8 - (4 + -1 + -4 + 5).
4
What is the value of 5 + -3 + 3 + 4 + -7?
2
13 + -9 + 0 + -5
-1
(9 - 4) + 1 - (1 - 2)
7
Evaluate 11 + -5 + 4 - (4 - 2).
8
Calculate 0 - (2 + 6 + -4).
-4
9 + -2 + -12 + -2
-7
1 - (1 + (-2 - (0 + -4)))
-2
Calculate 1 - 3 - (0 - 7).
5
(0 - (21 - 15)) + (2 - -3)
-1
What is 4 - -3 - (-13 + 21)?
-1
What is 4 + 0 + -5 + -2?
-3
What is 1 - ((-20 - -10) + 17)?
-6
Calculate (-7 - (-8 + 5)) + 6.
2
Evaluate 2 + 0 + 0 + -3 - 0.
-1
What is the value of 0 + -1 + 9 + -4?
4
What is -1 - (-1 + 3 - 9)?
6
What is the value of -2 + (11 + -3 + 2 - 3)?
5
Calculate -1 - 3 - (3 - 7).
0
Evaluate 3 - (9 + -3 - 1).
-2
What is the value of 2 + 1 + -1 - 0?
2
What is the value of -9 - (7 - 7) - -7?
-2
What is -4 + (0 + 5 - 0) - -1?
2
Calculate -8 + -3 + 8 + 2.
-1
Evaluate 1 - 4 - (-71 + 58).
10
What is 1 - (2 - (0 + -2))?
-3
-10 + -6 + 17 + -3 + -1
-3
What is -1 + (-1 + 0 - (1 - 8))?
5
(-14 - -7 - -14) + -1
6
6 + 1 - 4 - 8
-5
What is -29 + 31 - (0 - -2)?
0
What is -2 - -2 - (-2 - 4)?
6
What is 1 + (0 - (-6 - -7))?
0
Evaluate -3 - -20 - (-4 + (1 - -9)).
11
1 + (-6 - (12 - 10))
-7
5 - (10 + (0 - (-5 - -8)))
-2
(-3 - -3) + 1 + 0
1
What is the value of 2 - (-1 + 6 + -1 + -3)?
1
Evaluate (2 - (0 - -2)) + (0 - 0).
0
-3 + 4 + -5 + -1 + 1
-4
Calculate 7 + (-9 - -3) + 10 + -6.
5
What is the value of 1 - 6 - (1 - 1)?
-5
Calculate 2 - (-2 - -3 - 4).
5
-15 + 18 - (4 + -3 + 0)
2
What is the value of 4 + -4 + 2 + (3 - -1)?
6
Calculate -17 + 18 + 2 + -8.
-5
What is the value of 5 - (2 - (4 + 2 + -12))?
-3
-1 + 5 - (18 - 15)
1
What is (10 - (-2 - -4)) + -3?
5
3 - (8 - (8 - -1))
4
Calculate (3 - 0) + -3 + -1 + 6.
5
-101 + 83 - (-10 - -2)
-10
-3 + -5 + 3 + 7
2
-1 + (9 + -5 + -6 - 3)
-6
Calculate 4 - (11 - (-2 + 4)).
-5
(0 - 1) + 12 + -15
-4
Calculate (-12 - -16) + (0 + 2 - 6).
0
What is -4 + -9 + (15 - 8)?
-6
Calculate (-4 - -3) + -4 + (1 - -7).
3
What is (2 - (4 + (6 - 4))) + -3?
-7
What is the value of -5 - ((-7 - -5) + -3 - -4)?
-4
Calculate 9 + 1 + -10 + (-2 - 0).
-2
Calculate -1 + -1 + 3 + -1.
0
(-6 - (-7 + 1) - 4) + 7
3
Calculate 2 + -1 + -8 + 3.
-4
What is the value of 3 - ((-4 - -5) + -2)?
4
What is 4 + -1 + (1 - 0)?
4
What is 6 + (-10 - -2) + -2 + -3?
-7
4 + (-6 - -7 - 12) + 12
5
What is the value of -9 - (-13 + 4 + 10)?
-10
5 - ((-1 - -7) + -2) - 0
1
(-3 + 1 - 4) + -7 + 9
-4
(-3 - -3 - 4) + -1 + 2
-3
What is (3 - -3) + -3 + -4 + 1?
0
Evaluate 8 - (4 + 1 + 0).
3
Calculate -6 - (4 - (2 - 4 - -10)).
-2
What is 3 + (5 - 2) - 8?
-2
-8 - (-15 - (-10 + 3))
0
Evaluate 8 + (-8 - -9) - (-1 - -5).
5
4 + 11 + -5 - 7
3
1 + (-3 - 2) + 3
-1
What is -2 - (0 - (-2 - -1) - -1)?
-4
What is the value of 5 + 2 + -5 + 3 - 10?
-5
What is 0 + 3 + (-24 - -25) - 1?
3
(-9 + 4 - 1) + -1 + 3
-4
What is the value of 4 + (-5 - (-12 - -2))?
9
Calculate 1 + 3 + -6 + 1 + -6.
-7
What is -5 - (-5 + 0 - 5)?
5
What is the value of 6 + -10 + 5 + -3?
-2
-8 + (4 + -1 - -1)
-4
(5 - (-1 - -5)) + (3 - 1)
3
What is -6 + (-9 - -19) + -9?
-5
Evaluate -1 - (0 - 1) - 3.
-3
Evaluate -2 + -1 + 9 + -4 - 3.
-1
What is the value of (1 - -5) + (85 - 87)?
4
Evaluate (4 + -2 - (-6 - -4)) + 4.
8
2 - (-1 + (0 - 4) + 2)
5
-15 + 7 + 6 + (0 -